75757 a prime number?
False
Is 7846439 composite?
False
Is 137593853 prime?
False
Is 19939567 a composite number?
True
Is 16921649 composite?
True
Is 18589097 a prime number?
True
Is 120101369 a composite number?
False
Is 101312633 a composite number?
False
Is 36349259 a composite number?
False
Is 108890417 a composite number?
False
Is 275999 a composite number?
False
Is 14977 composite?
True
Is 1650023 prime?
True
Is 7841237 a composite number?
True
Is 29613095 a prime number?
False
Is 2474887 a prime number?
False
Is 13595423 a prime number?
False
Is 66805267 composite?
False
Is 536867 prime?
True
Is 22594841 composite?
True
Is 1067789 composite?
False
Is 2048611 prime?
False
Is 239281 a composite number?
True
Is 17402249 prime?
False
Is 6219503 prime?
True
Is 4487771 a prime number?
False
Is 879977093 prime?
True
Is 196913053 composite?
False
Is 3727837 prime?
True
Is 77601 composite?
True
Is 39774599 prime?
True
Is 12819179 composite?
False
Is 3754409 a prime number?
False
Is 160401779 prime?
True
Is 5659971 composite?
True
Is 8132591 prime?
True
Is 16149803 prime?
True
Is 29138363 prime?
True
Is 596444359 composite?
True
Is 101534287 prime?
True
Is 20982307 composite?
False
Is 14677391 composite?
False
Is 158327641 composite?
True
Is 2195221 a composite number?
True
Is 16705963 composite?
False
Is 14388259 prime?
True
Is 2391769 a composite number?
False
Is 52162743 a composite number?
True
Is 8152229 prime?
False
Is 700093 a composite number?
True
Is 1074721157 composite?
False
Is 223555103 composite?
True
Is 34915259 composite?
False
Is 4100983 prime?
True
Is 8848669 a composite number?
True
Is 17304689 a composite number?
False
Is 3122999 a prime number?
False
Is 790033 a prime number?
True
Is 1808141 composite?
True
Is 3238409 a composite number?
False
Is 6649319 a composite number?
False
Is 757249 prime?
False
Is 23964961 a prime number?
False
Is 884413 composite?
True
Is 26331001 a composite number?
False
Is 408803 a prime number?
True
Is 1396222 a composite number?
True
Is 13518031 composite?
True
Is 3509914 composite?
True
Is 11455915 composite?
True
Is 48841817 prime?
True
Is 60917071 composite?
False
Is 850066733 composite?
False
Is 1548307 a prime number?
True
Is 96053257 a composite number?
False
Is 1037471 a composite number?
False
Is 3411841 composite?
True
Is 42635891 prime?
True
Is 303217 composite?
False
Is 31298693 composite?
False
Is 9395843 a prime number?
True
Is 3703339 prime?
False
Is 291075613 prime?
False
Is 49532827 a composite number?
False
Is 2339369 a composite number?
False
Is 573121217 a prime number?
False
Is 1676743 a prime number?
False
Is 77395457 a composite number?
False
Is 9009607 prime?
False
Is 53392523 a composite number?
False
Is 293787253 composite?
True
Is 41381 prime?
True
Is 199480885 a composite number?
True
Is 1550663 a composite number?
False
Is 1585249 a prime number?
True
Is 17907499 prime?
False
Is 127909 a composite number?
True
Is 3159539 prime?
False
Is 78398371 prime?
True
Is 2426467 prime?
True
Is 294023 prime?
True
Is 389832097 a composite number?
False
Is 79853519 a composite number?
False
Is 3126991 prime?
False
Is 54680489 prime?
True
Is 11126069 a prime number?
True
Is 272687 a prime number?
False
Is 2566253 a composite number?
False
Is 1291193 a prime number?
True
Is 4792687 a composite number?
True
Is 87318299 prime?
True
Is 232035101 composite?
False
Is 75012079 a prime number?
True
Is 244061 a prime number?
False
Is 72304493 a composite number?
True
Is 1395359 prime?
False
Is 406309 composite?
False
Is 12559121 a prime number?
True
Is 20661467 prime?
False
Is 48343717 a prime number?
True
Is 5433611 prime?
False
Is 19906781 a composite number?
False
Is 26598086 a composite number?
True
Is 87582511 a composite number?
True
Is 4009409 composite?
False
Is 51030527 prime?
False
Is 26929177 a prime number?
False
Is 5850437 composite?
False
Is 227072047 composite?
False
Is 3029401 prime?
True
Is 9514777 composite?
False
Is 37033817 composite?
False
Is 38630719 composite?
False
Is 55733401 a prime number?
True
Is 609054911 a prime number?
True
Is 2875183 composite?
False
Is 25871086 prime?
False
Is 3048197 a prime number?
True
Is 2381250887 prime?
True
Is 12352409 prime?
True
Is 577743019 composite?
True
Is 186842653 composite?
True
Is 1224313 a composite number?
True
Is 85313201 composite?
True
Is 81107513 composite?
False
Is 647098 a composite number?
True
Is 42796909 a composite number?
True
Is 4197049 a prime number?
False
Is 12919189 prime?
True
Is 7712105 a composite number?
True
Is 3296471 a composite number?
True
Is 1532471 prime?
True
Is 20273983 prime?
False
Is 26600317 composite?
False
Is 71465149 prime?
False
Is 572807 prime?
True
Is 167261 prime?
True
Is 7424347 composite?
True
Is 350068231 a prime number?
True
Is 926741 a composite number?
False
Is 38058899 prime?
True
Is 2478361 a composite number?
False
Is 134099 a prime number?
False
Is 17008307 composite?
False
Is 38719813 a composite number?
True
Is 1539001 prime?
False
Is 2372177 a composite number?
True
Is 2847379 a prime number?
True
Is 56011577 a prime number?
False
Is 73516837 composite?
False
Is 88244063 a prime number?
True
Is 78147301 a composite number?
False
Is 146425621 a composite number?
True
Is 12865601 a prime number?
False
Is 661609847 a prime number?
True
Is 180809 a prime number?
False
Is 1567759 composite?
False
Is 4192709 a composite number?
False
Is 99922817 a prime number?
True
Is 98342 composite?
True
Is 418025623 composite?
False
Is 4366627 a prime number?
True
Is 124093699 composite?
True
Is 376546 a prime number?
False
Is 1114879 composite?
True
Is 117976171 prime?
True
Is 359924471 a composite number?
False
Is 8132843 composite?
False
Is 67378931 a composite number?
False
Is 134127921 a prime number?
False
Is 2313487 prime?
False
Is 448091981 prime?
False
Is 23556343 a composite number?
False
Is 7976663 a composite number?
False
Is 61210927 composite?
False
Is 115241107 a prime number?
True
Is 436504793 composite?
False
Is 53538091 a composite number?
True
Is 2910119 a composite number?
True
Is 205451 a composite number?
True
Is 7727519 a composite number?
False
Is 40822 a composite number?
True
Is 606563 prime?
False
Is 211665341 a composite number?
False
Is 5078618 composite?
True
Is 62481187 composite?
False
Is 76242758 a composite number?
True
Is 53553173 composite?
False
Is 54700799 a prime number?
True
Is 510375401 a prime number?
True
Is 5162887 composite?
True
Is 15731251 a composite number?
False
Is 10232087 composite?
True
Is 1192039 composite?
False
Is 17152255 a prime number?
False
Is 17666339 composite?
False
Is 41892973 a prime number?
True
Is 88087651 prime?
False
Is 24992599 composite?
True
Is 66695771 composite?
False
Is 686003 prime?
True
Is 2214071 composite?
True
Is 987158 prime?
False
Is 35198335 composite?
True
Is 157565507 composite?
True
Is 5568781 a prime number?
True
Is 1919899 a prime number?
False
Is 1302563 prime?
True
Is 164227513 prime?
True
Is 1971251 a composite number?
False
Is 8105599 a composite number?
False
Is 12112657 a prime number?
False
Is 100039943 prime?
True
Is 12566159 a composite number?
True
Is 62578777 composite?
False
Is 62601757 a prime number?
True
Is 33230649 a prime number?
False
Is 70439861 a prime number?
False
Is 2853413 a composite number?
False
Is 747931 a prime number?
False
Is 10473439 composite?
False
Is 1206941 prime?
True
Is 414054961 prime?
True
Is 2231693 prime?
False
Is 59263937 prime?
True
Is 1604201 prime?
False
Is 247662791 a composite number?
False
Is 11551679 composite?
False
Is 33616753 composite?
False
Is 173791369 prime?
False
Is 7599971 composite?
False
Is 171002617 prime?
True
Is 32182687 composite?
True
Is 874301 a composite number?
False
Is 1214617 a composite number?
False
Is 40849213 a prime number?
True
Is 138685433 a composite number?
True
Is 1007320139 a prime number?
False
Is 1261681879 prime?
True
Is 8472757 a prime number?
False
Is 3464813 a prime number?
False
Is 185279093 a prime number?
True
Is 133713719 a prime number?
False
Is 13400542 a prime number?
False
Is 304860793 prime?
True
Is 362572809 composite?
True
Is 2851169 prime?
True
Is 106330951 prime?
True
Is 335105 a prime number?
False
I